{"id":13,"date":"2017-11-11T15:11:47","date_gmt":"2017-11-11T14:11:47","guid":{"rendered":"https:\/\/www.reparaturcafe-bs.de\/?page_id=13"},"modified":"2025-12-09T18:30:32","modified_gmt":"2025-12-09T17:30:32","slug":"detlef","status":"publish","type":"page","link":"https:\/\/www.reparaturcafe-bs.de\/?page_id=13","title":{"rendered":"Anmeldung"},"content":{"rendered":"<h4><span style=\"font-family: inherit;\">Wollen Sie sich mit einem defekten Ger\u00e4t f\u00fcr ein Reparaturcaf\u00e9 anmelden, dann haben Sie bitte etwas Geduld, wir sind oft fr\u00fchzeitig ausgebucht!<\/span><\/h4>\n<p>Bitte bringen Sie zu jedem Termin nur ein Ger\u00e4t mit!<\/p>\n<p>Die Termine sind immer am 2.\u00a0Samstag<span style=\"font-family: inherit;\">\u00a0des jeweiligen Monates und finden in der Karlstra\u00dfe 95 statt..\u00a0<\/span><\/p>\n<h4>M\u00f6chten Sie gerne beim Reparaturcaf\u00e9 mitarbeiten als Reparateur:in oder in der Organisation, dann sind Sie uns herzlich willkommen.<br \/>Wir freuen uns, wenn das Team verst\u00e4rkt werden kann, damit wir den hohen Andrang bew\u00e4ltigen k\u00f6nnen. Bitte schreiben Sie uns \u00fcber das Kontaktformular.<\/h4>\n<h4>Haben Sie Fragen zum Reparaturcaf\u00e9?<\/h4>\n<h5>Schreiben Sie uns eine Nachricht oder rufen Sie an: Freiwilligenagentur in Braunschweig 0531 4811020.<\/h5>\n\n\n<p><strong><i>Bitte beachten Sie: Wir sind&nbsp;ehrenamtlich am Start und reparieren Haushalts- und Alltagsger\u00e4te, die man selbst tragen kann &#8211; die Haftung&nbsp;bleibt bei den Besitzerinnen und Besitzern. &nbsp;<\/i><\/strong><\/p>\n\n\n\n<p><i>Wir k\u00f6nnen in der Karlstra\u00dfe keine Fahrr\u00e4der, E-Roller oder \u00e4hnliche Gegenst\u00e4nde reparieren. Das gilt auch f\u00fcr Waschmaschinen, (gr\u00f6\u00dfere) Fernseher und  komplexe Ger\u00e4ten wie z.B. Kaffeevollautomaten<\/i> Wir<em> empfehlen Ihnen dann Fachgesch\u00e4fte!<\/em><mark style=\"background-color:rgba(0, 0, 0, 0)\" class=\"has-inline-color has-black-color\">\n\nBitte besorgen Sie sich ggf. Ersatzteile, Batterien, Akkus oder \u00e4hnliche Dinge rechtzeitig und bringen diese zum Reparaturtermin mit! <\/mark><\/p>\n\n\n<hr \/>\n<h2>Anmeldung<\/h2>\n\n<div class=\"wpcf7 no-js\" id=\"wpcf7-f742-o1\" lang=\"de-DE\" dir=\"ltr\" data-wpcf7-id=\"742\">\n<div class=\"screen-reader-response\"><p role=\"status\" aria-live=\"polite\" aria-atomic=\"true\"><\/p> <ul><\/ul><\/div>\n<form action=\"\/index.php?rest_route=%2Fwp%2Fv2%2Fpages%2F13#wpcf7-f742-o1\" method=\"post\" class=\"wpcf7-form init\" aria-label=\"Kontaktformular\" novalidate=\"novalidate\" data-status=\"init\">\n<fieldset class=\"hidden-fields-container\"><input type=\"hidden\" name=\"_wpcf7\" value=\"742\" \/><input type=\"hidden\" name=\"_wpcf7_version\" value=\"6.1.5\" \/><input type=\"hidden\" name=\"_wpcf7_locale\" value=\"de_DE\" \/><input type=\"hidden\" name=\"_wpcf7_unit_tag\" value=\"wpcf7-f742-o1\" \/><input type=\"hidden\" name=\"_wpcf7_container_post\" value=\"0\" \/><input type=\"hidden\" name=\"_wpcf7_posted_data_hash\" value=\"\" \/>\n<\/fieldset>\n<p><label> Alle *-Felder sind Pflichtfelder, bitte ausf\u00fcllen bzw. anklicken. Jedes Ger\u00e4t einzeln anmelden.<\/label>\n<\/p>\n<p><label> Name* <\/label><br \/>\n<span class=\"wpcf7-form-control-wrap\" data-name=\"anmeldender\"><input size=\"70\" maxlength=\"400\" class=\"wpcf7-form-control wpcf7-text wpcf7-validates-as-required\" aria-required=\"true\" aria-invalid=\"false\" value=\"\" type=\"text\" name=\"anmeldender\" \/><\/span>\n<\/p>\n<p><label> Emailadresse* <\/label><br \/>\n<span class=\"wpcf7-form-control-wrap\" data-name=\"email\"><input size=\"40\" maxlength=\"44\" minlength=\"10\" class=\"wpcf7-form-control wpcf7-email wpcf7-validates-as-required wpcf7-text wpcf7-validates-as-email\" aria-required=\"true\" aria-invalid=\"false\" placeholder=\"Anmeldender@domain.tld\" value=\"\" type=\"email\" name=\"email\" \/><\/span>\n<\/p>\n<p><label> An welchem Termin wollen Sie kommen?<\/label><br \/>\n<span class=\"wpcf7-form-control-wrap\" data-name=\"radio-505\"><span class=\"wpcf7-form-control wpcf7-radio\"><span class=\"wpcf7-list-item first\"><label><input type=\"radio\" name=\"radio-505\" value=\"9. Mai 2026\" checked=\"checked\" \/><span class=\"wpcf7-list-item-label\">9. Mai 2026<\/span><\/label><\/span><span class=\"wpcf7-list-item last\"><label><input type=\"radio\" name=\"radio-505\" value=\"13. Juni 2026\" \/><span class=\"wpcf7-list-item-label\">13. Juni 2026<\/span><\/label><\/span><\/span><\/span>\n<\/p>\n<hr \/>\n<p><label> Was ist zu reparieren?* <span class=\"wpcf7-form-control-wrap\" data-name=\"geraete-art\"><select class=\"wpcf7-form-control wpcf7-select wpcf7-validates-as-required\" aria-required=\"true\" aria-invalid=\"false\" name=\"geraete-art\"><option value=\"\">W\u00e4hlen Sie bitte aus:<\/option><option value=\"K\u00fcchenger\u00e4t\">K\u00fcchenger\u00e4t<\/option><option value=\"Haushaltsger\u00e4t\">Haushaltsger\u00e4t<\/option><option value=\"Radio, HiFi &amp; TV\">Radio, HiFi &amp; TV<\/option><option value=\"Computer, Laptop, Tablet, Drucker\">Computer, Laptop, Tablet, Drucker<\/option><option value=\"Handy, Smartphone\">Handy, Smartphone<\/option><option value=\"Lampe\">Lampe<\/option><option value=\"Werkzeug\">Werkzeug<\/option><option value=\"Gartenger\u00e4t\">Gartenger\u00e4t<\/option><option value=\"Uhr (keine Armbanduhr)\">Uhr (keine Armbanduhr)<\/option><option value=\"Spielzeug\">Spielzeug<\/option><option value=\"N\u00e4harbeit\">N\u00e4harbeit<\/option><option value=\"Handarbeitstisch\">Handarbeitstisch<\/option><option value=\"Sonstiges (im Detail Fehlerbeschreibung)\">Sonstiges (im Detail Fehlerbeschreibung)<\/option><\/select><\/span><\/label>\n<\/p>\n<p><label>Hersteller und Modell*<br \/>\n<span class=\"wpcf7-form-control-wrap\" data-name=\"hersteller\"><input size=\"70\" maxlength=\"400\" class=\"wpcf7-form-control wpcf7-text wpcf7-validates-as-required\" aria-required=\"true\" aria-invalid=\"false\" value=\"\" type=\"text\" name=\"hersteller\" \/><\/span><br \/>\n<\/label>\n<\/p>\n<p><label> Fehlerbeschreibung* Bitte m\u00f6glichst ausf\u00fchrlich:<br \/>\n<span class=\"wpcf7-form-control-wrap\" data-name=\"fehlerbeschreibung\"><textarea cols=\"70\" rows=\"12\" maxlength=\"2000\" class=\"wpcf7-form-control wpcf7-textarea wpcf7-validates-as-required\" aria-required=\"true\" aria-invalid=\"false\" placeholder=\"Genauere Ger\u00e4tebeschreibung (z.B. Tisch- oder Stehlampe).\nWas geht nicht mehr; wie zeigt sich der Fehler?\nHaben Sie schon Ersatzteile besorgt?\" name=\"fehlerbeschreibung\"><\/textarea><\/span><br \/>\n<\/label>\n<\/p>\n<p><span class=\"wpcf7-form-control-wrap\" data-name=\"datenschutz\"><span class=\"wpcf7-form-control wpcf7-acceptance\"><span class=\"wpcf7-list-item\"><label><input type=\"checkbox\" name=\"datenschutz\" value=\"1\" aria-invalid=\"false\" \/><span class=\"wpcf7-list-item-label\"><label>\nIch habe die <a href=\"https:\/\/www.reparaturcafe-bs.de\/testing\/?page_id=194\" target=\"_blank\">Datenschutzerkl\u00e4rung<\/a> zur Kenntnis genommen.\n<\/label><\/span><\/label><\/span><\/span><\/span><br \/>\n<span class=\"wpcf7-form-control-wrap\" data-name=\"zubehoer\"><span class=\"wpcf7-form-control wpcf7-acceptance\"><span class=\"wpcf7-list-item\"><label><input type=\"checkbox\" name=\"zubehoer\" value=\"1\" aria-invalid=\"false\" \/><span class=\"wpcf7-list-item-label\"><label>\nF\u00fcr die Reparatur und anschlie\u00dfendem Test bringe ich jegliches Zubeh\u00f6r mit.\n<\/label><\/span><\/label><\/span><\/span><\/span>\n<\/p>\n<p>Um von Programmen generierte Anfragen vermeiden zu k\u00f6nnen,<br \/>\nbeantworten Sie als Mensch uns eine kurze Frage:<br \/>\n<span class=\"wpcf7-form-control-wrap\" data-name=\"quiz-251209\"><label><span class=\"wpcf7-quiz-label\">Welcher Monat macht laut Sprichwort alles neu (April, Mai oder Dezember)?<\/span> <input size=\"40\" class=\"wpcf7-form-control wpcf7-quiz\" autocomplete=\"off\" aria-required=\"true\" aria-invalid=\"false\" type=\"text\" name=\"quiz-251209\" \/><\/label><input type=\"hidden\" name=\"_wpcf7_quiz_answer_quiz-251209\" value=\"5bd0b841c1ca22967dafff0fe0fd08c5\" \/><\/span>\n<\/p>\n<p>Ein kurzer Hinweis: nachdem Sie das ausgef\u00fcllte Formular abgesandt haben, steht in einem kleinen gr\u00fcnen Kasten \"... wurde versandt.\" Leider wird das Formular erneut mit geleerten Feldern angezeigt. Bitte nur einmal absenden, Sie bekommen eine R\u00fcckmeldung innerhalb weniger Tage.\n<\/p>\n<div class=\"wpcf7-response-output\" aria-hidden=\"true\"><\/div>\n<p><input class=\"wpcf7-form-control wpcf7-submit has-spinner\" type=\"submit\" value=\"Senden\" \/>\n<\/p>\n<\/form>\n<\/div>\n\n\n\n<p><\/p>\n","protected":false},"excerpt":{"rendered":"<p>Wollen Sie sich mit einem defekten Ger\u00e4t f\u00fcr ein Reparaturcaf\u00e9 anmelden, dann haben Sie bitte etwas Geduld, wir sind oft fr\u00fchzeitig ausgebucht! Bitte bringen Sie zu jedem Termin nur ein Ger\u00e4t mit! Die Termine sind immer am 2.\u00a0Samstag\u00a0des jeweiligen Monates und finden in der Karlstra\u00dfe 95 statt..\u00a0 M\u00f6chten Sie gerne beim Reparaturcaf\u00e9 mitarbeiten als Reparateur:in &hellip; <\/p>\n<p><a class=\"more-link btn\" href=\"https:\/\/www.reparaturcafe-bs.de\/?page_id=13\">Weiterlesen<\/a><\/p>\n","protected":false},"author":2,"featured_media":0,"parent":0,"menu_order":2,"comment_status":"closed","ping_status":"closed","template":"","meta":{"footnotes":""},"class_list":["post-13","page","type-page","status-publish","hentry","nodate","item-wrap"],"_links":{"self":[{"href":"https:\/\/www.reparaturcafe-bs.de\/index.php?rest_route=\/wp\/v2\/pages\/13","targetHints":{"allow":["GET"]}}],"collection":[{"href":"https:\/\/www.reparaturcafe-bs.de\/index.php?rest_route=\/wp\/v2\/pages"}],"about":[{"href":"https:\/\/www.reparaturcafe-bs.de\/index.php?rest_route=\/wp\/v2\/types\/page"}],"author":[{"embeddable":true,"href":"https:\/\/www.reparaturcafe-bs.de\/index.php?rest_route=\/wp\/v2\/users\/2"}],"replies":[{"embeddable":true,"href":"https:\/\/www.reparaturcafe-bs.de\/index.php?rest_route=%2Fwp%2Fv2%2Fcomments&post=13"}],"version-history":[{"count":29,"href":"https:\/\/www.reparaturcafe-bs.de\/index.php?rest_route=\/wp\/v2\/pages\/13\/revisions"}],"predecessor-version":[{"id":764,"href":"https:\/\/www.reparaturcafe-bs.de\/index.php?rest_route=\/wp\/v2\/pages\/13\/revisions\/764"}],"wp:attachment":[{"href":"https:\/\/www.reparaturcafe-bs.de\/index.php?rest_route=%2Fwp%2Fv2%2Fmedia&parent=13"}],"curies":[{"name":"wp","href":"https:\/\/api.w.org\/{rel}","templated":true}]}}

<h4><span style="font-family: inherit;">Wollen Sie sich mit einem defekten Gerät für ein Reparaturcafé anmelden, dann haben Sie bitte etwas Geduld, wir sind oft frühzeitig ausgebucht!</span></h4>
<p>Bitte bringen Sie zu jedem Termin nur ein Gerät mit!</p>
<p>Die Termine sind immer am 2. Samstag<span style="font-family: inherit;"> des jeweiligen Monates und finden in der Karlstraße 95 statt.. </span></p>
<h4>Möchten Sie gerne beim Reparaturcafé mitarbeiten als Reparateur:in oder in der Organisation, dann sind Sie uns herzlich willkommen.<br />Wir freuen uns, wenn das Team verstärkt werden kann, damit wir den hohen Andrang bewältigen können. Bitte schreiben Sie uns über das Kontaktformular.</h4>
<h4>Haben Sie Fragen zum Reparaturcafé?</h4>
<h5>Schreiben Sie uns eine Nachricht oder rufen Sie an: Freiwilligenagentur in Braunschweig 0531 4811020.</h5>


<p><strong><i>Bitte beachten Sie: Wir sind&nbsp;ehrenamtlich am Start und reparieren Haushalts- und Alltagsgeräte, die man selbst tragen kann &#8211; die Haftung&nbsp;bleibt bei den Besitzerinnen und Besitzern. &nbsp;</i></strong></p>



<p><i>Wir können in der Karlstraße keine Fahrräder, E-Roller oder ähnliche Gegenstände reparieren. Das gilt auch für Waschmaschinen, (größere) Fernseher und  komplexe Geräten wie z.B. Kaffeevollautomaten</i> Wir<em> empfehlen Ihnen dann Fachgeschäfte!</em><mark style="background-color:rgba(0, 0, 0, 0)" class="has-inline-color has-black-color">

Bitte besorgen Sie sich ggf. Ersatzteile, Batterien, Akkus oder ähnliche Dinge rechtzeitig und bringen diese zum Reparaturtermin mit! </mark></p>


<hr />
<h2>Anmeldung</h2>

<div class="wpcf7 no-js" id="wpcf7-f742-o1" lang="de-DE" dir="ltr" data-wpcf7-id="742">
<div class="screen-reader-response"><p role="status" aria-live="polite" aria-atomic="true"></p> <ul></ul></div>
<form action="/index.php?rest_route=%2Fwp%2Fv2%2Fpages%2F13#wpcf7-f742-o1" method="post" class="wpcf7-form init" aria-label="Kontaktformular" novalidate="novalidate" data-status="init">
<fieldset class="hidden-fields-container"><input type="hidden" name="_wpcf7" value="742" /><input type="hidden" name="_wpcf7_version" value="6.1.5" /><input type="hidden" name="_wpcf7_locale" value="de_DE" /><input type="hidden" name="_wpcf7_unit_tag" value="wpcf7-f742-o1" /><input type="hidden" name="_wpcf7_container_post" value="0" /><input type="hidden" name="_wpcf7_posted_data_hash" value="" />
</fieldset>
<p><label> Alle *-Felder sind Pflichtfelder, bitte ausfüllen bzw. anklicken. Jedes Gerät einzeln anmelden.</label>
</p>
<p><label> Name* </label><br />
<span class="wpcf7-form-control-wrap" data-name="anmeldender"><input size="70" maxlength="400" class="wpcf7-form-control wpcf7-text wpcf7-validates-as-required" aria-required="true" aria-invalid="false" value="" type="text" name="anmeldender" /></span>
</p>
<p><label> Emailadresse* </label><br />
<span class="wpcf7-form-control-wrap" data-name="email"><input size="40" maxlength="44" minlength="10" class="wpcf7-form-control wpcf7-email wpcf7-validates-as-required wpcf7-text wpcf7-validates-as-email" aria-required="true" aria-invalid="false" placeholder="Anmeldender@domain.tld" value="" type="email" name="email" /></span>
</p>
<p><label> An welchem Termin wollen Sie kommen?</label><br />
<span class="wpcf7-form-control-wrap" data-name="radio-505"><span class="wpcf7-form-control wpcf7-radio"><span class="wpcf7-list-item first"><label><input type="radio" name="radio-505" value="9. Mai 2026" checked="checked" /><span class="wpcf7-list-item-label">9. Mai 2026</span></label></span><span class="wpcf7-list-item last"><label><input type="radio" name="radio-505" value="13. Juni 2026" /><span class="wpcf7-list-item-label">13. Juni 2026</span></label></span></span></span>
</p>
<hr />
<p><label> Was ist zu reparieren?* <span class="wpcf7-form-control-wrap" data-name="geraete-art"><select class="wpcf7-form-control wpcf7-select wpcf7-validates-as-required" aria-required="true" aria-invalid="false" name="geraete-art"><option value="">Wählen Sie bitte aus:</option><option value="Küchengerät">Küchengerät</option><option value="Haushaltsgerät">Haushaltsgerät</option><option value="Radio, HiFi &amp; TV">Radio, HiFi &amp; TV</option><option value="Computer, Laptop, Tablet, Drucker">Computer, Laptop, Tablet, Drucker</option><option value="Handy, Smartphone">Handy, Smartphone</option><option value="Lampe">Lampe</option><option value="Werkzeug">Werkzeug</option><option value="Gartengerät">Gartengerät</option><option value="Uhr (keine Armbanduhr)">Uhr (keine Armbanduhr)</option><option value="Spielzeug">Spielzeug</option><option value="Näharbeit">Näharbeit</option><option value="Handarbeitstisch">Handarbeitstisch</option><option value="Sonstiges (im Detail Fehlerbeschreibung)">Sonstiges (im Detail Fehlerbeschreibung)</option></select></span></label>
</p>
<p><label>Hersteller und Modell*<br />
<span class="wpcf7-form-control-wrap" data-name="hersteller"><input size="70" maxlength="400" class="wpcf7-form-control wpcf7-text wpcf7-validates-as-required" aria-required="true" aria-invalid="false" value="" type="text" name="hersteller" /></span><br />
</label>
</p>
<p><label> Fehlerbeschreibung* Bitte möglichst ausführlich:<br />
<span class="wpcf7-form-control-wrap" data-name="fehlerbeschreibung"><textarea cols="70" rows="12" maxlength="2000" class="wpcf7-form-control wpcf7-textarea wpcf7-validates-as-required" aria-required="true" aria-invalid="false" placeholder="Genauere Gerätebeschreibung (z.B. Tisch- oder Stehlampe).
Was geht nicht mehr; wie zeigt sich der Fehler?
Haben Sie schon Ersatzteile besorgt?" name="fehlerbeschreibung"></textarea></span><br />
</label>
</p>
<p><span class="wpcf7-form-control-wrap" data-name="datenschutz"><span class="wpcf7-form-control wpcf7-acceptance"><span class="wpcf7-list-item"><label><input type="checkbox" name="datenschutz" value="1" aria-invalid="false" /><span class="wpcf7-list-item-label"><label>
Ich habe die <a href="https://www.reparaturcafe-bs.de/testing/?page_id=194" target="_blank">Datenschutzerklärung</a> zur Kenntnis genommen.
</label></span></label></span></span></span><br />
<span class="wpcf7-form-control-wrap" data-name="zubehoer"><span class="wpcf7-form-control wpcf7-acceptance"><span class="wpcf7-list-item"><label><input type="checkbox" name="zubehoer" value="1" aria-invalid="false" /><span class="wpcf7-list-item-label"><label>
Für die Reparatur und anschließendem Test bringe ich jegliches Zubehör mit.
</label></span></label></span></span></span>
</p>
<p>Um von Programmen generierte Anfragen vermeiden zu können,<br />
beantworten Sie als Mensch uns eine kurze Frage:<br />
<span class="wpcf7-form-control-wrap" data-name="quiz-251209"><label><span class="wpcf7-quiz-label">Welcher Monat macht laut Sprichwort alles neu (April, Mai oder Dezember)?</span> <input size="40" class="wpcf7-form-control wpcf7-quiz" autocomplete="off" aria-required="true" aria-invalid="false" type="text" name="quiz-251209" /></label><input type="hidden" name="_wpcf7_quiz_answer_quiz-251209" value="5bd0b841c1ca22967dafff0fe0fd08c5" /></span>
</p>
<p>Ein kurzer Hinweis: nachdem Sie das ausgefüllte Formular abgesandt haben, steht in einem kleinen grünen Kasten "... wurde versandt." Leider wird das Formular erneut mit geleerten Feldern angezeigt. Bitte nur einmal absenden, Sie bekommen eine Rückmeldung innerhalb weniger Tage.
</p>
<div class="wpcf7-response-output" aria-hidden="true"></div>
<p><input class="wpcf7-form-control wpcf7-submit has-spinner" type="submit" value="Senden" />
</p>
</form>
</div>



<p></p>

<p>Wollen Sie sich mit einem defekten Gerät für ein Reparaturcafé anmelden, dann haben Sie bitte etwas Geduld, wir sind oft frühzeitig ausgebucht! Bitte bringen Sie zu jedem Termin nur ein Gerät mit! Die Termine sind immer am 2. Samstag des jeweiligen Monates und finden in der Karlstraße 95 statt..  Möchten Sie gerne beim Reparaturcafé mitarbeiten als Reparateur:in &hellip; </p>
<p><a class="more-link btn" href="https://www.reparaturcafe-bs.de/?page_id=13">Weiterlesen</a></p>
