{"id":84,"date":"2017-11-19T14:59:59","date_gmt":"2017-11-19T13:59:59","guid":{"rendered":"https:\/\/www.reparaturcafe-bs.de\/?page_id=84"},"modified":"2026-04-09T13:37:17","modified_gmt":"2026-04-09T11:37:17","slug":"startseite","status":"publish","type":"page","link":"https:\/\/www.reparaturcafe-bs.de\/","title":{"rendered":"Reparaturcaf\u00e9 in Braunschweig, LKG Karlstr. 95"},"content":{"rendered":"\n<h2 class=\"wp-block-heading\">Reparaturcaf\u00e9 in Braunschweig, LKG Karlstr. 95<\/h2>\n\n\n\n<h3 class=\"wp-block-heading\">N\u00e4chste freie Termine:<br>Am 9. Mai oder 13. Juni 2026<br><br><\/h3>\n\n\n\n<h6 class=\"wp-block-heading has-text-align-center\"><img loading=\"lazy\" decoding=\"async\" class=\" wp-image-522 aligncenter\" src=\"https:\/\/www.reparaturcafe-bs.de\/wp-content\/uploads\/repair-300x225.jpg\" alt=\"\" width=\"332\" height=\"246\"><em>Stets gut besucht: Reparaturcaf\u00e9s in Braunschweig<\/em><\/h6>\n\n\n\n<h2 class=\"wp-block-heading\">Handarbeitstisch im Reparaturcafe<\/h2>\n\n\n\n<p>Ab dem 14.06.2025 wird es im Reparaturcafe Braunschweig einen reservierten Tisch geben, an dem Textilreparaturen, Handn\u00e4harbeiten, Strickarbeiten, H\u00e4kelarbeiten u.a. in gem\u00fctlicher Cafeatmosph\u00e4re selber durchgef\u00fchrt werden k\u00f6nnen.<br>Das N\u00e4hmaterial des Reparaturcafes darf benutzt werden und auf Wunsch gibt es Beratung und Anleitung durch eine ge\u00fcbte Hobbyschneiderin und -strickerin. Eine Anmeldung ist nicht erforderlich<br>Kaffee und Kuchen d\u00fcrfen gerne am Handarbeitstisch genossen werden und wer sich einfach nur ein bisschen austauschen will ist auch ohne Handarbeit herzlich willkommen.<\/p>\n\n\n\n<p>Und wer mehr Unterst\u00fctzung bei einer Textilreparatur ben\u00f6tigt (z.B. f\u00fcr N\u00e4harbeiten mit einer N\u00e4hmaschine), meldet sich bitte \u00fcber das Onlineformular an.<\/p>\n\n\n\n<h4 class=\"wp-block-heading\"><br>Das Reparaturcaf\u00e9 in der LKG Karlstra\u00dfe 95<br>Im Februar 2025 haben wir unser 10-J\u00e4hriges gefeiert!<\/h4>\n\n\n\n<p><br>Liebe G\u00e4ste! <br>Wir sind immer wieder erfreut dar\u00fcber wir gut das Reparaturcaf\u00e9 angenommen wird. Wir sind jeden Monat ausgebucht &#8211; und das seit Jahren. In der Regel kann es schwierig werden, spontane Anfragen zu bearbeiten. Auch ist es f\u00fcr uns besser zu wissen, was auf uns zu kommt.<\/p>\n\n\n\n<p>Bitte denken Sie auch daran, da\u00df Sie Kaffeemaschinen und \u00e4hnliche Reparaturgegenst\u00e4nde bestm\u00f6glich vorher reinigen. Wenn Sie dazu Fragen haben, schreiben Sie das gern in Ihrer Anmeldung dazu!  <\/p>\n\n\n\n<p>Auch die Textilreparaturen werden mehr, das ist gut so! <\/p>\n\n\n\n<p>An dieser Stelle bedanken wir uns nochmals ganz herzlich bei allen Ehrenamtlichen (Organisation , Empfang, K\u00fcche und Reparaturen), die helfen, das unser Angebot so erfolgreich umgesetzt werden kann. <br><\/p>\n\n\n\n<h4 class=\"wp-block-heading\">TEXTIL-Reparaturen im Reparaturcaf\u00e9 Braunschweig <\/h4>\n\n\n\n<p><br>Wir bieten auch Unterst\u00fctzung f\u00fcr <em><strong>Textil-Reparaturen<\/strong><\/em> (z.B. Kleidung, Taschen, Stoffe) an &#8211; bitte melden Sie sich gern jederzeit dazu an  &#8211; daf\u00fcr w\u00e4ren auch aktuell noch Termine m\u00f6glich! Pro Anmeldung wird bei der Reparatur von maximal drei Textilien unterst\u00fctzt. <em><strong><mark style=\"background-color:rgba(0, 0, 0, 0)\" class=\"has-inline-color has-vivid-cyan-blue-color\">Bitte bringen Sie die Textilien frisch gewaschen mit<\/mark><\/strong><\/em>!<\/p>\n\n\n\n<h3 class=\"wp-block-heading\"><br><strong><em>ALTERNATIVE: ALBA-Reparaturtreff<\/em><\/strong><\/h3>\n\n\n\n<p>Es ist noch zu lange hin zum n\u00e4chsten Termin? Sie k\u00f6nnen am Samstag nicht? <br>Bitte nutzen Sie auch den ALBA-Reparaturtreff in der Karrenf\u00fchrer Stra\u00dfe 1-3 (Kunden- und Umweltzentrum), jeden 4. Freitag im Monat &#8211; <br>Anmeldungen und Nachfragen hierf\u00fcr bitte an: <strong><a href=\"mailto:kuz@alba.info\">kuz [at] alba.info<\/a> <\/strong><\/p>\n\n\n\n<p><\/p>\n\n\n\n<h3 class=\"wp-block-heading\"><br>Wichtige Hinweise zum Ablauf und zur Anmeldung<\/h3>\n\n\n\n<p><br><strong>Bitte bringen Sie zu jedem Termin nur ein Ger\u00e4t mit &#8211; wenn Sie  ohne best\u00e4tigte Anmeldung vorbeikommen, kann es sein, dass wir sie nicht aufnehmen k\u00f6nnen! <\/strong><br><strong>Falls Sie angemeldet sind und nicht kommen k\u00f6nnen, geben Sie uns bitte rechtzeitig &nbsp;Bescheid. &nbsp;<\/strong><\/p>\n\n\n\n<p>Die Reihenfolge der Reparaturen bestimmen die ehrenamtlichen Reparateure vor Ort. Bitte stellen Sie sich stets auf m\u00f6gliche Wartezeiten ein! <\/p>\n\n\n\n<p><strong><i>Bitte beachten Sie: Wir sind ausschlie\u00dflich&nbsp;ehrenamtlich am Start und reparieren Haushalts- und Alltagsger\u00e4te, die man selbst tragen kann &#8211; die Haftung&nbsp;bleibt bei den Besitzerinnen und Besitzern. &nbsp;<\/i><\/strong><\/p>\n\n\n\n<p><\/p>\n\n\n\n<hr class=\"wp-block-separator has-alpha-channel-opacity\"\/>\n\n\n\n<h3 class=\"wp-block-heading\">Reparaturcaf\u00e9 &#8211; jetzt auch Textilien reparieren lassen! &nbsp;<\/h3>\n\n\n\n<p>Seit M\u00e4rz 2023 bieten wir zus\u00e4tzlich die M\u00f6glichkeit gemeinsam Textilien zu reparieren. Bitte melden Sie sich dazu ganz normal an, wenn dabei Bedarf besteht. Da wir bislang nur ein bis zwei Reparateurinnen f\u00fcr Textilien vor Ort haben, ist das Angebot zun\u00e4chst auf wenige Anmeldungen begrenzt&#8230; &nbsp;&nbsp;<\/p>\n\n\n\n<h6 class=\"wp-block-heading\"><img loading=\"lazy\" decoding=\"async\" width=\"320\" height=\"233\" class=\" wp-image-519 aligncenter\" src=\"https:\/\/www.reparaturcafe-bs.de\/wp-content\/uploads\/textil-300x225.jpg\" alt=\"\"><\/h6>\n\n\n\n<p>________________________________________________________________________________________________________________<\/p>\n\n\n\n<h3 class=\"wp-block-heading\">&nbsp;Haus der Talente in der Weststadt<\/h3>\n\n\n\n<p>Sollten Sie nicht an einem Samstag kommen k\u00f6nnen oder wir ausgebucht sein, melden Sie sich doch mal bei den Kolleginnen und Kollegen von der <a href=\"https:\/\/nachbarschaftswerkstatt.net\" target=\"_blank\" rel=\"noopener\">Nachbarschaftswerkstatt in der Weststadt .<\/a>&nbsp;<\/p>\n\n\n\n<p>Dort wird Ihnen am 1., 2. und 3. Mittwoch des Monats von 16-19 Uhr die M\u00f6glichkeit zu einer Reparatur geboten. &nbsp;Tel. <strong><em><u>0531 889 384 30<\/u><\/em><\/strong><\/p>\n\n\n\n<p>________________________________________________________________________________________________________________<\/p>\n\n\n\n<h3 class=\"wp-block-heading\">&nbsp;<\/h3>\n\n\n<div class=\"wp-block-image\">\n<figure class=\"aligncenter is-resized\"><img loading=\"lazy\" decoding=\"async\" width=\"1024\" height=\"768\" src=\"https:\/\/www.reparaturcafe-bs.de\/wp-content\/uploads\/fullsizeoutput_7fb-1024x768.jpeg\" alt=\"\" class=\"wp-image-254\" style=\"width:512px;height:384px\" srcset=\"https:\/\/www.reparaturcafe-bs.de\/wp-content\/uploads\/fullsizeoutput_7fb-1024x768.jpeg 1024w, https:\/\/www.reparaturcafe-bs.de\/wp-content\/uploads\/fullsizeoutput_7fb-150x113.jpeg 150w, https:\/\/www.reparaturcafe-bs.de\/wp-content\/uploads\/fullsizeoutput_7fb-300x225.jpeg 300w, https:\/\/www.reparaturcafe-bs.de\/wp-content\/uploads\/fullsizeoutput_7fb-768x576.jpeg 768w, https:\/\/www.reparaturcafe-bs.de\/wp-content\/uploads\/fullsizeoutput_7fb.jpeg 1200w\" sizes=\"auto, (max-width: 1024px) 100vw, 1024px\" \/><figcaption class=\"wp-element-caption\">Reparatur einer K\u00fcchenmaschine im Reparaturcaf\u00e9 Braunschweig<\/figcaption><\/figure>\n<\/div>\n\n<div class=\"entry-content clearfix\">\n<h2>Anmeldung<\/h2>\n\n<div class=\"wpcf7 no-js\" id=\"wpcf7-f742-o1\" lang=\"de-DE\" dir=\"ltr\" data-wpcf7-id=\"742\">\n<div class=\"screen-reader-response\"><p role=\"status\" aria-live=\"polite\" aria-atomic=\"true\"><\/p> <ul><\/ul><\/div>\n<form action=\"\/index.php?rest_route=%2Fwp%2Fv2%2Fpages%2F84#wpcf7-f742-o1\" method=\"post\" class=\"wpcf7-form init\" aria-label=\"Kontaktformular\" novalidate=\"novalidate\" data-status=\"init\">\n<fieldset class=\"hidden-fields-container\"><input type=\"hidden\" name=\"_wpcf7\" value=\"742\" \/><input type=\"hidden\" name=\"_wpcf7_version\" value=\"6.1.5\" \/><input type=\"hidden\" name=\"_wpcf7_locale\" value=\"de_DE\" \/><input type=\"hidden\" name=\"_wpcf7_unit_tag\" value=\"wpcf7-f742-o1\" \/><input type=\"hidden\" name=\"_wpcf7_container_post\" value=\"0\" \/><input type=\"hidden\" name=\"_wpcf7_posted_data_hash\" value=\"\" \/>\n<\/fieldset>\n<p><label> Alle *-Felder sind Pflichtfelder, bitte ausf\u00fcllen bzw. anklicken. Jedes Ger\u00e4t einzeln anmelden.<\/label>\n<\/p>\n<p><label> Name* <\/label><br \/>\n<span class=\"wpcf7-form-control-wrap\" data-name=\"anmeldender\"><input size=\"70\" maxlength=\"400\" class=\"wpcf7-form-control wpcf7-text wpcf7-validates-as-required\" aria-required=\"true\" aria-invalid=\"false\" value=\"\" type=\"text\" name=\"anmeldender\" \/><\/span>\n<\/p>\n<p><label> Emailadresse* <\/label><br \/>\n<span class=\"wpcf7-form-control-wrap\" data-name=\"email\"><input size=\"40\" maxlength=\"44\" minlength=\"10\" class=\"wpcf7-form-control wpcf7-email wpcf7-validates-as-required wpcf7-text wpcf7-validates-as-email\" aria-required=\"true\" aria-invalid=\"false\" placeholder=\"Anmeldender@domain.tld\" value=\"\" type=\"email\" name=\"email\" \/><\/span>\n<\/p>\n<p><label> An welchem Termin wollen Sie kommen?<\/label><br \/>\n<span class=\"wpcf7-form-control-wrap\" data-name=\"radio-505\"><span class=\"wpcf7-form-control wpcf7-radio\"><span class=\"wpcf7-list-item first\"><label><input type=\"radio\" name=\"radio-505\" value=\"9. Mai 2026\" checked=\"checked\" \/><span class=\"wpcf7-list-item-label\">9. Mai 2026<\/span><\/label><\/span><span class=\"wpcf7-list-item last\"><label><input type=\"radio\" name=\"radio-505\" value=\"13. Juni 2026\" \/><span class=\"wpcf7-list-item-label\">13. Juni 2026<\/span><\/label><\/span><\/span><\/span>\n<\/p>\n<hr \/>\n<p><label> Was ist zu reparieren?* <span class=\"wpcf7-form-control-wrap\" data-name=\"geraete-art\"><select class=\"wpcf7-form-control wpcf7-select wpcf7-validates-as-required\" aria-required=\"true\" aria-invalid=\"false\" name=\"geraete-art\"><option value=\"\">W\u00e4hlen Sie bitte aus:<\/option><option value=\"K\u00fcchenger\u00e4t\">K\u00fcchenger\u00e4t<\/option><option value=\"Haushaltsger\u00e4t\">Haushaltsger\u00e4t<\/option><option value=\"Radio, HiFi &amp; TV\">Radio, HiFi &amp; TV<\/option><option value=\"Computer, Laptop, Tablet, Drucker\">Computer, Laptop, Tablet, Drucker<\/option><option value=\"Handy, Smartphone\">Handy, Smartphone<\/option><option value=\"Lampe\">Lampe<\/option><option value=\"Werkzeug\">Werkzeug<\/option><option value=\"Gartenger\u00e4t\">Gartenger\u00e4t<\/option><option value=\"Uhr (keine Armbanduhr)\">Uhr (keine Armbanduhr)<\/option><option value=\"Spielzeug\">Spielzeug<\/option><option value=\"N\u00e4harbeit\">N\u00e4harbeit<\/option><option value=\"Handarbeitstisch\">Handarbeitstisch<\/option><option value=\"Sonstiges (im Detail Fehlerbeschreibung)\">Sonstiges (im Detail Fehlerbeschreibung)<\/option><\/select><\/span><\/label>\n<\/p>\n<p><label>Hersteller und Modell*<br \/>\n<span class=\"wpcf7-form-control-wrap\" data-name=\"hersteller\"><input size=\"70\" maxlength=\"400\" class=\"wpcf7-form-control wpcf7-text wpcf7-validates-as-required\" aria-required=\"true\" aria-invalid=\"false\" value=\"\" type=\"text\" name=\"hersteller\" \/><\/span><br \/>\n<\/label>\n<\/p>\n<p><label> Fehlerbeschreibung* Bitte m\u00f6glichst ausf\u00fchrlich:<br \/>\n<span class=\"wpcf7-form-control-wrap\" data-name=\"fehlerbeschreibung\"><textarea cols=\"70\" rows=\"12\" maxlength=\"2000\" class=\"wpcf7-form-control wpcf7-textarea wpcf7-validates-as-required\" aria-required=\"true\" aria-invalid=\"false\" placeholder=\"Genauere Ger\u00e4tebeschreibung (z.B. Tisch- oder Stehlampe).\nWas geht nicht mehr; wie zeigt sich der Fehler?\nHaben Sie schon Ersatzteile besorgt?\" name=\"fehlerbeschreibung\"><\/textarea><\/span><br \/>\n<\/label>\n<\/p>\n<p><span class=\"wpcf7-form-control-wrap\" data-name=\"datenschutz\"><span class=\"wpcf7-form-control wpcf7-acceptance\"><span class=\"wpcf7-list-item\"><label><input type=\"checkbox\" name=\"datenschutz\" value=\"1\" aria-invalid=\"false\" \/><span class=\"wpcf7-list-item-label\"><label>\nIch habe die <a href=\"https:\/\/www.reparaturcafe-bs.de\/testing\/?page_id=194\" target=\"_blank\">Datenschutzerkl\u00e4rung<\/a> zur Kenntnis genommen.\n<\/label><\/span><\/label><\/span><\/span><\/span><br \/>\n<span class=\"wpcf7-form-control-wrap\" data-name=\"zubehoer\"><span class=\"wpcf7-form-control wpcf7-acceptance\"><span class=\"wpcf7-list-item\"><label><input type=\"checkbox\" name=\"zubehoer\" value=\"1\" aria-invalid=\"false\" \/><span class=\"wpcf7-list-item-label\"><label>\nF\u00fcr die Reparatur und anschlie\u00dfendem Test bringe ich jegliches Zubeh\u00f6r mit.\n<\/label><\/span><\/label><\/span><\/span><\/span>\n<\/p>\n<p>Um von Programmen generierte Anfragen vermeiden zu k\u00f6nnen,<br \/>\nbeantworten Sie als Mensch uns eine kurze Frage:<br \/>\n<span class=\"wpcf7-form-control-wrap\" data-name=\"quiz-251209\"><label><span class=\"wpcf7-quiz-label\">Die Hauptstadt von Brasilien (Brasilia, London oder M\u00fcnchen)?<\/span> <input size=\"40\" class=\"wpcf7-form-control wpcf7-quiz\" autocomplete=\"off\" aria-required=\"true\" aria-invalid=\"false\" type=\"text\" name=\"quiz-251209\" \/><\/label><input type=\"hidden\" name=\"_wpcf7_quiz_answer_quiz-251209\" value=\"74097c68a8dadc2e02bfe14be91482ff\" \/><\/span>\n<\/p>\n<p>Ein kurzer Hinweis: nachdem Sie das ausgef\u00fcllte Formular abgesandt haben, steht in einem kleinen gr\u00fcnen Kasten \"... wurde versandt.\" Leider wird das Formular erneut mit geleerten Feldern angezeigt. Bitte nur einmal absenden, Sie bekommen eine R\u00fcckmeldung innerhalb weniger Tage.\n<\/p>\n<div class=\"wpcf7-response-output\" aria-hidden=\"true\"><\/div>\n<p><input class=\"wpcf7-form-control wpcf7-submit has-spinner\" type=\"submit\" value=\"Senden\" \/>\n<\/p>\n<\/form>\n<\/div>\n\n<\/div>\n\n\n<p><\/p>\n","protected":false},"excerpt":{"rendered":"<p>Reparaturcaf\u00e9 in Braunschweig, LKG Karlstr. 95 N\u00e4chste freie Termine:Am 9. Mai oder 13. Juni 2026 Stets gut besucht: Reparaturcaf\u00e9s in Braunschweig Handarbeitstisch im Reparaturcafe Ab dem 14.06.2025 wird es im Reparaturcafe Braunschweig einen reservierten Tisch geben, an dem Textilreparaturen, Handn\u00e4harbeiten, Strickarbeiten, H\u00e4kelarbeiten u.a. in gem\u00fctlicher Cafeatmosph\u00e4re selber durchgef\u00fchrt werden k\u00f6nnen.Das N\u00e4hmaterial des Reparaturcafes darf benutzt &hellip; <\/p>\n<p><a class=\"more-link btn\" href=\"https:\/\/www.reparaturcafe-bs.de\/\">Weiterlesen<\/a><\/p>\n","protected":false},"author":3,"featured_media":0,"parent":0,"menu_order":0,"comment_status":"closed","ping_status":"closed","template":"","meta":{"footnotes":""},"class_list":["post-84","page","type-page","status-publish","hentry","nodate","item-wrap"],"_links":{"self":[{"href":"https:\/\/www.reparaturcafe-bs.de\/index.php?rest_route=\/wp\/v2\/pages\/84","targetHints":{"allow":["GET"]}}],"collection":[{"href":"https:\/\/www.reparaturcafe-bs.de\/index.php?rest_route=\/wp\/v2\/pages"}],"about":[{"href":"https:\/\/www.reparaturcafe-bs.de\/index.php?rest_route=\/wp\/v2\/types\/page"}],"author":[{"embeddable":true,"href":"https:\/\/www.reparaturcafe-bs.de\/index.php?rest_route=\/wp\/v2\/users\/3"}],"replies":[{"embeddable":true,"href":"https:\/\/www.reparaturcafe-bs.de\/index.php?rest_route=%2Fwp%2Fv2%2Fcomments&post=84"}],"version-history":[{"count":276,"href":"https:\/\/www.reparaturcafe-bs.de\/index.php?rest_route=\/wp\/v2\/pages\/84\/revisions"}],"predecessor-version":[{"id":777,"href":"https:\/\/www.reparaturcafe-bs.de\/index.php?rest_route=\/wp\/v2\/pages\/84\/revisions\/777"}],"wp:attachment":[{"href":"https:\/\/www.reparaturcafe-bs.de\/index.php?rest_route=%2Fwp%2Fv2%2Fmedia&parent=84"}],"curies":[{"name":"wp","href":"https:\/\/api.w.org\/{rel}","templated":true}]}}